{"id":2,"date":"2022-11-08T16:45:21","date_gmt":"2022-11-08T16:45:21","guid":{"rendered":"http:\/\/www.finnzydeco.fi\/?page_id=2"},"modified":"2024-07-21T15:21:14","modified_gmt":"2024-07-21T15:21:14","slug":"sample-page","status":"publish","type":"page","link":"https:\/\/www.finnzydeco.fi\/","title":{"rendered":"Jarkko Helin &#038; Crawfish Kings"},"content":{"rendered":"\n<p class=\"has-medium-black-color has-text-color\" style=\"font-size:17px;font-style:italic;font-weight:600\"><strong>&#8221; It&#8217;s long way to the top, if you wanna rock &amp; roll&#8221; <\/strong>varoitteli AC\/DC ilmeisen omakohtaisiin kokemuksiinsa pohjaten vuosikymmeni\u00e4 sitten. Viel\u00e4 huomattavasti kivesempi  tie on edess\u00e4, mik\u00e4li rokkenrollin sijaan valitsee zydecon.<\/p>\n\n\n\n<p class=\"has-drop-cap has-medium-black-color has-text-color\" style=\"font-size:17px;font-style:italic;font-weight:600\">Siit\u00e4 huolimatta ja juuri siksi Jarkko Helin &amp; Crawfish Kings on yli 25 vuotta levitt\u00e4nyt t\u00e4m\u00e4n Louisianalaisper\u00e4isen hauskanpitomusiikin ilosanomaa. B\u00e4ndi on ehtinyt vuosien saatossa soittaa varsin monenlaisissa tilaisuuksissa. Matkan varrelle on osunut kansanmusiikki-, blues- ja jazzfestivaaleja, moottoripy\u00f6r\u00e4bileit\u00e4 sek\u00e4 monenlaista pubia ja klubia niiden v\u00e4lilt\u00e4. Yh\u00e4 uudelleen ihmiset on altistettu zydecon riehakkaille s\u00e4vyille. B\u00e4ndin musiikissa kuuluu country, blues ja cajun, joka yhdistet\u00e4\u00e4n harmonikan tiukalla soundilla vastustamattomaksi tanssipoljennoksi.<\/p>\n\n\n\n<p class=\"has-medium-black-color has-text-color\" style=\"font-size:17px;font-style:italic;font-weight:600\">B\u00e4ndin laulaja sek\u00e4 instrumenttinsa suvereeni taitaja <strong>Jarkko Helin<\/strong>, on palkittu vuonna 2006 euroopan toiseksi parhaana zydeco-haitaristina. Hyvin omaksutut Louisianan perinteet saavat h\u00e4nen esiintymisess\u00e4\u00e4n lis\u00e4potkua aimoannoksesta rokkikukkoilua. <\/p>\n\n\n\n<p class=\"has-medium-black-color has-text-color\" style=\"font-size:17px;font-style:italic;font-weight:600\">Nykykokoonpanossa Helinin lis\u00e4ksi soittavat <strong>Harri Raudaskoski<\/strong>, Louisiana-musan pioneeri Suomessa. Zydeco Conjunto ja Tex-Mex Quintet ovat h\u00e4nen aikaisempiaan b\u00e4ndej\u00e4\u00e4n.<\/p>\n\n\n\n<p class=\"has-medium-black-color has-text-color\" style=\"font-size:17px;font-style:italic;font-weight:600\">Rumpali <strong>Dino Kullberg<\/strong> on tuttu esim. Dave Lindholmin B.Inventive b\u00e4ndist\u00e4. <strong>Mikko L\u00f6ytyn<\/strong> b\u00e4ndej\u00e4 tuskin tarvitsee erikseen esitell\u00e4, onhan mies kotimaisen roots-musan tunnetuimpia basisteja.<\/p>\n\n\n\n<p class=\"has-cyan-bluish-gray-color has-text-color\" style=\"font-style:italic;font-weight:600\"><\/p>\n\n\n\n<p><\/p>\n\n\n\n<p><\/p>\n","protected":false},"excerpt":{"rendered":"<p>&#8221; It&#8217;s long way to the top, if you wanna rock &amp; roll&#8221; varoitteli AC\/DC ilmeisen omakohtaisiin kokemuksiinsa pohjaten vuosikymmeni\u00e4 sitten. Viel\u00e4 huomattavasti kivesempi tie on edess\u00e4, mik\u00e4li rokkenrollin sijaan valitsee zydecon. Siit\u00e4 huolimatta ja juuri siksi Jarkko Helin &amp; Crawfish Kings on yli 25 vuotta levitt\u00e4nyt t\u00e4m\u00e4n Louisianalaisper\u00e4isen hauskanpitomusiikin ilosanomaa. B\u00e4ndi on ehtinyt vuosien &hellip; <\/p>\n<p class=\"link-more\"><a href=\"https:\/\/www.finnzydeco.fi\/\" class=\"more-link\">Jatka lukemista<span class=\"screen-reader-text\"> &#8221;Jarkko Helin &#038; Crawfish Kings&#8221;<\/span><\/a><\/p>\n","protected":false},"author":1,"featured_media":0,"parent":0,"menu_order":0,"comment_status":"closed","ping_status":"closed","template":"","meta":{"footnotes":""},"class_list":["post-2","page","type-page","status-publish","hentry"],"_links":{"self":[{"href":"https:\/\/www.finnzydeco.fi\/index.php\/wp-json\/wp\/v2\/pages\/2","targetHints":{"allow":["GET"]}}],"collection":[{"href":"https:\/\/www.finnzydeco.fi\/index.php\/wp-json\/wp\/v2\/pages"}],"about":[{"href":"https:\/\/www.finnzydeco.fi\/index.php\/wp-json\/wp\/v2\/types\/page"}],"author":[{"embeddable":true,"href":"https:\/\/www.finnzydeco.fi\/index.php\/wp-json\/wp\/v2\/users\/1"}],"replies":[{"embeddable":true,"href":"https:\/\/www.finnzydeco.fi\/index.php\/wp-json\/wp\/v2\/comments?post=2"}],"version-history":[{"count":35,"href":"https:\/\/www.finnzydeco.fi\/index.php\/wp-json\/wp\/v2\/pages\/2\/revisions"}],"predecessor-version":[{"id":366,"href":"https:\/\/www.finnzydeco.fi\/index.php\/wp-json\/wp\/v2\/pages\/2\/revisions\/366"}],"wp:attachment":[{"href":"https:\/\/www.finnzydeco.fi\/index.php\/wp-json\/wp\/v2\/media?parent=2"}],"curies":[{"name":"wp","href":"https:\/\/api.w.org\/{rel}","templated":true}]}}